. Let n be c(-6). Let j be 6/((-21)/(-12) + n). Suppose 7 = p - j. What is the remainder when p is divided by 9?
6
Let v be -2*(2 + 0) + 2 - 0. What is the remainder when ((-2)/(-3))/(6/153) is divided by v/(6/15)*(-1 + -1)?
7
Let b be (-2)/6 + 1/3. Suppose -2*f - 3*t + 53 = b, -2*f + 26 = -3*t - 9. Calculate the remainder when (12/8)/((-27)/(-1530)) is divided by f.
19
Suppose -6*v + 2064 = 108. What is the remainder when v is divided by 56?
46
Suppose -518 = 21*d - 686. What is the remainder when d is divided by 7?
1
Suppose -143*p + 348 = -139*p. What is the remainder when p is divided by 11?
10
Let u be (8 + -7)/(1707/852 - 2). Suppose u + 24 = 4*c - i, -3*c + 5*i + 214 = 0. What is the remainder when c is divided by 29?
20
Suppose -4*j - 29 = -5*k, -26 = -2*j + 3*j - 5*k. Let r(x) = -33*x**3 - x**2. What is the remainder when r(j) is divided by 11?
10
Let a = -23 - -23. Suppose 0 = 5*i + 2*m - 237, -i + 4*m - m + 61 = a. Let w = -57 + 82. What is the remainder when i is divided by w?
24
Suppose -7*r + 368 = 39. What is the remainder when 229 is divided by r?
41
Suppose 14*s - 59 = 207. Calculate the remainder when 53 is divided by s.
15
Let l = 43 - 28. Let k = 194 - 138. What is the remainder when k is divided by l?
11
Suppose 14*y - 870 = -15*y. Suppose -2*u = -2*s + 24, -3*s = 2*u - 7 - 54. What is the remainder when y is divided by s?
13
Let d(c) = 3*c**2 + 2. Suppose -3*b + 5 = j, j + 4 = -3*j. Let g = -49 - -76. Calculate the remainder when g is divided by d(b).
13
What is the remainder when (-9516)/(-96) + (-2)/16 is divided by 20?
19
Let m(t) = -6*t**2 + 39*t + 19. Calculate the remainder when m(6) is divided by 8.
5
Let o(f) = -f**3 - 3*f**2 - 2*f + 4. What is the remainder when (1 - 5) + (-264)/(-12) is divided by o(-3)?
8
Suppose 0 = -3*a + 5*v + 319 + 345, -3*a - 4*v + 619 = 0. What is the remainder when a is divided by 70?
3
Let i(w) = -10*w - 590. Calculate the remainder when i(-64) is divided by (-17)/(-3)*(5 - 2).
16
Suppose 140 = 7*r - 189. Calculate the remainder when 278 is divided by r.
43
Let o be (-28)/6*-6*(-4)/(-8). Calculate the remainder when (2364/o)/3 - 18/63 is divided by 15.
11
Suppose -6*j + 269 = 119. What is the remainder when 95 is divided by j?
20
Suppose 17*y - 230 - 110 = 0. Calculate the remainder when y is divided by 2.
0
Let w(h) = -11*h - 73. Calculate the remainder when w(-12) is divided by 21.
17
Let h = -1319 + 1394. Calculate the remainder when 373 is divided by h.
73
Let j be (-4)/30 + (-462)/(-90). What is the remainder when 17 is divided by (0/(-2) + 1)*j?
2
Let m(b) = 35*b**2 + 4*b + 2. What is the remainder when m(-1) is divided by 24?
9
Suppose 11 = 2*i - 0*t - t, 5*t + 16 = -3*i. Suppose -2*a + i*b + 93 = 0, -130 = -2*a + 2*b - 42. What is the remainder when a is divided by 12?
3
Let h(n) = -23*n + 3*n**2 - 6 + 6 - 4*n**2. What is the remainder when 38 is divided by h(-22)?
16
Suppose -4*y + 2*y = -36. Calculate the remainder when 1938/18 + 22/(-33) is divided by y.
17
Let y(a) = -87*a - 161. What is the remainder when y(-27) is divided by 30?
28
Let g = 4 - 0. Suppose g*o - 3*o = 0. Calculate the remainder when o/3 + 28*1 is divided by 15.
13
Let t = 239 + -42. Calculate the remainder when t is divided by 22.
21
Let f(x) = 2*x - 8. Let h be f(0). Let k = h - -16. Calculate the remainder when 39 is divided by k.
7
Let l = 8072 - 8065. Let i(b) = b**2 - 4*b - 6. Calculate the remainder when i(-5) is divided by l.
4
Let g be ((-4)/10)/((-2)/10). Suppose -k = -g, 3*p - 58 - 28 = 5*k. Suppose 6*u = 2*u + p. What is the remainder when 15 is divided by u?
7
Let a(q) = q**2 + 6*q + 2. Suppose -103*m = -91*m - 240. What is the remainder when a(5) is divided by m?
17
Let w = -12 - -36. Suppose 0*m + 22 = k + 3*m, w = 2*k + 2*m. What is the remainder when 25 is divided by k?
4
Suppose -65*f + 768 = -57*f. Calculate the remainder when 383 is divided by f.
95
Suppose 129 = 2*v - 5*h, 2*h + h = -5*v + 307. Calculate the remainder when 368 is divided by v.
58
Let b be (6/15)/(3/(-15)). Let m(c) = -14*c - 50. Let x(u) = 7*u + 25. Let g(s) = b*m(s) - 5*x(s). Calculate the remainder when g(-13) is divided by 23.
20
Suppose 3*k = b - 105, 0*b - 4*b = 5*k - 352. Let c = 143 + -95. Calculate the remainder when b is divided by c.
45
Let b(m) = m**3 - 5*m**2 + 27*m - 14. What is the remainder when 245 is divided by b(5)?
3
Suppose 2*w + 3*u + 22 = 110, -2*w + 4*u = -60. Let s(m) = -m**3 + 9*m**2 + 9*m - 12. What is the remainder when s(7) is divided by w?
35
Calculate the remainder when 183 is divided by ((-96)/(-28))/((-24)/(-112)).
7
Suppose 0 = -5*l - 8*m + 5*m + 64, -2*l - 5*m = -37. What is the remainder when 41 is divided by l?
8
Let s(u) = -u**3 - 3*u**2 - 6*u + 3. Let p be s(-5). Let c = -46 + p. Calculate the remainder when c is divided by 4*(-1 - 68/(-16)).
11
Let a = -11 + 3. What is the remainder when (46/a)/(1/(-4)) is divided by (24 + 0)/6*(-2 + 4)?
7
Suppose -3*i - 26 = -4*i. What is the remainder when 101 is divided by i?
23
Calculate the remainder when 122 is divided by 342/8 - (-90)/360.
36
What is the remainder when (-89 - -91) + (1 - 0 - -38) is divided by 13?
2
Let b = 60 - 51. Suppose q - 4 = 0, -4*q + b = -2*j + j. Calculate the remainder when 20 is divided by j.
6
Suppose 23*z = 3*k + 18*z - 124, -4*k = -z - 137. What is the remainder when 162 is divided by k?
30
Let l = 64 + -55. Suppose l*s = 33 + 75. What is the remainder when 119 is divided by s?
11
What is the remainder when 26 is divided by 24/(-20)*5 + 21?
11
Suppose 5*x = 37*x - 1856. Let d(b) = -b**3 + 10*b**2 - 8*b + 6. What is the remainder when x is divided by d(9)?
13
Suppose -3*k - 130 = -4*k - 2*z, 5*z + 15 = 0. What is the remainder when 286 is divided by k?
14
What is the remainder when 90 is divided by (8 - 0) + 16 - 1?
21
Suppose -49 = -6*p + 41. Calculate the remainder when 103 is divided by p.
13
Let b(s) = -s**2 + s - 5. Let a be b(0). Let j(v) = -v + 4. Calculate the remainder when 43 is divided by j(a).
7
Let f = 45 + -1. Calculate the remainder when f is divided by 12.
8
Let j be (-3 - (-10)/2) + 2. Suppose -3*z = -0*z - 5*o - 8, -j*z + 20 = -2*o. Let i = 49 + -33. What is the remainder when i is divided by z?
4
Suppose 100 = -g + 24. Let x = g + 183. What is the remainder when x is divided by 55?
52
Let i(w) = w**3 - 6*w**2 - 23*w - 14. Let r(u) = 86*u. What is the remainder when r(1) is divided by i(9)?
20
What is the remainder when 244 is divided by ((-20)/4)/((-17)/34)?
4
Suppose 0 = -2*i - 3*i, 10 = 5*y + 4*i. What is the remainder when -3*(-10)/12*y is divided by 3?
2
Suppose 2*b + 25 - 1 = 0. Let x(m) = -m - 10. Let z be x(b). Suppose 53 + 25 = z*l. Calculate the remainder when l is divided by 10.
9
Suppose 31*i = 550 + 28156. Calculate the remainder when i is divided by 133.
128
Let g(f) = -7*f + 126. What is the remainder when g(-8) is divided by 37?
34
Calculate the remainder when 80 is divided by (-28)/(-2) - 6/((-12)/(-10)).
8
Suppose 0 = 116*i - 105*i - 143. Calculate the remainder when 227 is divided by i.
6
Let z(i) = 6*i**2 + 107*i + 54. Calculate the remainder when 296 is divided by z(-18).
8
Suppose -98*i = -9*i - 1602. What is the remainder when 41 is divided by i?
5
Suppose 17*b = 16*b + 3. Suppose -3*w + b*i - 4*i = -55, 42 = 2*w - 2*i. Let o = 5 + 5. What is the remainder when w is divided by o?
9
Suppose -250 = -5*x + 2*i, x + 3*i - 52 = -19. Calculate the remainder when 189 is divided by x.
45
Let h(k) = 19*k - 19. What is the remainder when h(4) is divided by 20?
17
Let i(m) = -4*m**2 + 36*m - 17. What is the remainder when 166 is divided by i(7)?
10
Let l be ((-1)/2)/(13/(-338)). Suppose -3*z - l - 2 = 0. Calculate the remainder when 34 is divided by 4/z + 256/20.
10
Suppose -2*b + 5*y = -102, -b - y = -4*b + 166. Suppose 2*n = n - b. Let j = n - -93. Calculate the remainder when j is divided by 13.
11
Suppose 2*p - 40 = 3*r, 5*p - 5*r - 61 = 44. Calculate the remainder when 87 is divided by p.
18
Calculate the remainder when 329 is divided by (648/81)/(1 + (0 - -1)).
1
Suppose -21*p + 148 = 2*h - 24*p, 5*h = 4*p + 363. What is the remainder when h is divided by 39?
32
Let a = -11 + 36. Let r(x) = -x**3 + 10*x**2 + x - 6. Let i be r(7). Suppose 3*b - i = b. What is the remainder w